42 and 9.
3
What is the highest common factor of 1672 and 8?
8
Calculate the highest common divisor of 777 and 525.
21
Calculate the greatest common divisor of 836 and 494.
38
What is the greatest common divisor of 5278 and 39?
13
What is the greatest common divisor of 3393 and 117?
117
Calculate the greatest common divisor of 140 and 406.
14
What is the highest common divisor of 51 and 323?
17
Calculate the highest common factor of 120 and 180.
60
What is the highest common divisor of 144 and 544?
16
Calculate the highest common factor of 16 and 128.
16
Calculate the greatest common divisor of 680 and 255.
85
Calculate the greatest common factor of 1239 and 126.
21
Calculate the highest common divisor of 184 and 16.
8
Calculate the highest common factor of 704 and 77.
11
Calculate the greatest common divisor of 84 and 78.
6
What is the greatest common divisor of 39 and 741?
39
What is the greatest common factor of 3503 and 62?
31
What is the greatest common divisor of 544 and 1241?
17
What is the highest common divisor of 3827 and 89?
89
What is the greatest common divisor of 496 and 372?
124
What is the highest common factor of 5160 and 120?
120
Calculate the highest common divisor of 45 and 930.
15
Calculate the highest common factor of 72 and 27.
9
What is the greatest common factor of 63 and 105?
21
What is the greatest common factor of 19560 and 120?
120
What is the highest common factor of 70 and 1694?
14
What is the greatest common divisor of 5891 and 301?
43
Calculate the highest common factor of 8289 and 27.
27
What is the greatest common factor of 7 and 448?
7
Calculate the greatest common divisor of 44 and 5214.
22
Calculate the highest common factor of 252 and 48.
12
Calculate the highest common factor of 187 and 51.
17
What is the highest common divisor of 9 and 13887?
9
What is the highest common divisor of 637 and 1118?
13
What is the highest common divisor of 361 and 19?
19
Calculate the greatest common factor of 100980 and 99.
99
Calculate the highest common factor of 168 and 98.
14
Calculate the highest common factor of 14 and 658.
14
Calculate the highest common divisor of 196 and 8.
4
What is the greatest common factor of 119 and 133?
7
Calculate the highest common factor of 7 and 7.
7
Calculate the highest common divisor of 98 and 14.
14
Calculate the greatest common factor of 88 and 1540.
44
What is the highest common factor of 2532 and 3587?
211
What is the greatest common divisor of 40 and 25?
5
Calculate the highest common factor of 60 and 492.
12
What is the greatest common divisor of 132 and 308?
44
What is the greatest common divisor of 2550 and 60?
30
Calculate the greatest common divisor of 25 and 45.
5
Calculate the highest common divisor of 75 and 120.
15
What is the highest common divisor of 4017 and 65?
13
What is the highest common divisor of 41 and 123?
41
What is the greatest common divisor of 12 and 492?
12
Calculate the highest common divisor of 63999 and 78.
39
What is the highest common divisor of 75672 and 72?
72
Calculate the highest common factor of 50 and 3530.
10
What is the highest common divisor of 16 and 208?
16
Calculate the greatest common factor of 427 and 56.
7
Calculate the highest common factor of 11336 and 104.
104
What is the greatest common divisor of 28 and 84?
28
Calculate the greatest common factor of 54 and 21456.
18
What is the highest common divisor of 300 and 876?
12
Calculate the highest common factor of 846 and 9.
9
Calculate the highest common divisor of 6 and 2901.
3
Calculate the greatest common divisor of 108 and 1809.
27
What is the highest common divisor of 87 and 2378?
29
Calculate the highest common divisor of 104 and 1432.
8
Calculate the greatest common factor of 133 and 8512.
133
Calculate the highest common divisor of 981 and 9.
9
Calculate the highest common factor of 535 and 1284.
107
What is the greatest common factor of 544 and 68?
68
Calculate the greatest common factor of 30 and 57840.
30
Calculate the greatest common factor of 14 and 4487.
7
Calculate the greatest common factor of 155 and 62.
31
What is the highest common factor of 750 and 170?
10
What is the highest common factor of 22 and 473?
11
What is the greatest common factor of 2296 and 126?
14
Calculate the greatest common factor of 45 and 4545.
45
Calculate the highest common factor of 139 and 9.
1
What is the greatest common divisor of 36211 and 14?
7
Calculate the greatest common divisor of 10 and 155.
5
Calculate the greatest common factor of 266 and 294.
14
What is the greatest common factor of 46 and 1058?
46
What is the highest common factor of 6 and 162?
6
Calculate the highest common divisor of 1072 and 2881.
67
What is the highest common factor of 437 and 76?
19
What is the highest common divisor of 296 and 2812?
148
Calculate the greatest common factor of 648 and 9.
9
What is the greatest common divisor of 744 and 279?
93
Calculate the greatest common divisor of 123 and 41.
41
What is the highest common divisor of 16810 and 205?
205
What is the highest common factor of 1968 and 123?
123
What is the highest common factor of 275 and 22?
11
Calculate the greatest common factor of 136 and 34.
34
Calculate the greatest common divisor of 28 and 44.
4
Calculate the highest common divisor of 40 and 160.
40
Calculate the highest common factor of 215 and 10.
5
What is the greatest common divisor of 75 and 100?
25
Calculate the highest common divisor of 12 and 1044.
12
What is the greatest common divisor of 66 and 6369?
33
Calculate the greatest common divisor of 2280 and 1320.
120
Calculate the highest common factor of 187 and 55.
11
What is the greatest common factor of 372 and 682?
62
What is the greatest common factor of 624 and 6?
6
Calculate the greatest common divisor of 1711 and 58.
29
Calculate the highest common factor of 260 and 20.
20
Calculate the highest common factor of 572 and 12.
4
What is the greatest common factor of 790 and 230?
10
What is the greatest common divisor of 50 and 18?
2
Calculate the highest common divisor of 49 and 98.
49
What is the highest common divisor of 636 and 24?
12
What is the highest common divisor of 4704 and 441?
147
What is the highest common factor of 32 and 320?
32
What is the greatest common factor of 32 and 1?
1
What is the highest common factor of 224 and 42?
14
What is the greatest common factor of 16 and 2072?
8
What is the greatest common factor of 101 and 6464?
101
What is the greatest common factor of 2388 and 12?
12
Calculate the highest common divisor of 2240 and 1624.
56
What is the greatest common factor of 58 and 2726?
58
What is the highest common divisor of 30 and 210?
30
What is the greatest common factor of 3 and 219?
3
What is the greatest common divisor of 35 and 34685?
35
What is the greatest common factor of 3990 and 19?
19
Calculate the highest common factor of 28593 and 27.
27
Calculate the greatest common factor of 425 and 68.
17
What is the greatest common divisor of 889 and 127?
127
What is the greatest common factor of 87 and 145?
29
Calculate the highest common divisor of 1200 and 5700.
300
Calculate the greatest common divisor of 3737 and 101.
101
Calculate the greatest common factor of 1 and 250.
1
Calculate the greatest common divisor of 36 and 3303.
9
Calculate the highest common divisor of 250 and 60.
10
What is the highest common factor of 533 and 41?
41
Calculate the greatest common divisor of 39 and 5421.
39
Calculate the highest common divisor of 130 and 20.
10
What is the highest common factor of 4296 and 192?
24
Calculate the greatest common factor of 1034 and 44.
22
What is the greatest common divisor of 1090 and 20?
10
What is the highest common divisor of 71196 and 102?
102
Calculate the greatest common divisor of 506 and 33.
11
What is the highest common divisor of 1003 and 649?
59
Calculate the highest common factor of 297 and 27.
27
Calculate the highest common divisor of 325 and 65.
65
Calculate the greatest common factor of 85 and 12665.
85
Calculate the highest common divisor of 3 and 123.
3
Calculate the greatest common factor of 32 and 22.
2
What is the greatest common divisor of 11232 and 273?
39
Calculate the greatest common factor of 38 and 8474.
38
What is the highest common divisor of 3689 an